t q = 51 - a. Let w(x) = -2*x**3 - 4*x**2 - x - 2. What is w(q)?
19
Suppose -3*z + 12 = 3, -5*z = -i - 12. Let s(p) = -p - 1 - 2 - 4 + i. Let x = -422 - -416. What is s(x)?
2
Let z(b) = -2*b - 26. Let l = -50 + 41. What is z(l)?
-8
Let b(z) = z**3 + 8*z**2 + 6. Let u(j) = -j**2 + 6*j - 1. Suppose -l + 2*l - 7 = 0. Let r be u(l). Give b(r).
6
Let u(a) = -a**2 - 6*a - 1. Let z = 15 + -10. Suppose -z*o + 15 = 0, n + 3 = -n - o. Determine u(n).
8
Let s(r) = 3*r + 26. Let n be s(-8). Let z(l) = -l**2 + 4*l**2 + l - n*l**2 - 12. Determine z(0).
-12
Let o(k) be the second derivative of k**8/6720 - k**7/252 + k**6/72 - 3*k**5/40 - 5*k**4/3 - 8*k. Let x(t) be the third derivative of o(t). What is x(9)?
0
Let o be (-12)/(-9) + 3/(-9). Let h be -14 - (-2 - -1 - o). Let m = 7 + h. Let i(w) = w**3 + 5*w**2 - w + 2. Give i(m).
7
Suppose 0 = -4*x + p + 5, 5*x + 5*p = 2*x + 21. Let w(k) = -12*k. Let m(z) = -1. Let i(l) = 3*m(l) - w(l). Calculate i(x).
21
Let v be (0 - 22/33)*3. Let c(l) = 2*l**3 - l**2 + 2*l + 4. Calculate c(v).
-20
Let u be 5/1 + (-5 - -4). Let y(p) = -2*p - 5. Determine y(u).
-13
Let n(k) = 12*k + 7. Suppose -s - 2*g + 7 + 8 = 0, -5*g = -5*s + 15. Let h(m) = -17*m - 11. Let c(y) = s*n(y) + 5*h(y). Determine c(-8).
2
Let q(d) = -13*d**2 + 33*d**2 - 12*d**2 - 3*d - d - 7*d**2. Give q(1).
-3
Let r(p) = 3*p**2 + 3. Let s(l) = -2*l**2 - 2. Let z(v) = -3*r(v) - 4*s(v). Let o(j) = -5*j - 18. Let d be o(-4). Calculate z(d).
-5
Let q(v) = 69*v**2 - v. Let b be q(1). Let y = b + -66. Let m(n) = -7*n + 1. What is m(y)?
-13
Let u(h) = -9*h. Let t(r) = -3*r - 18. Let a be t(-7). Let g be a - -2*(3 - 4). What is u(g)?
-9
Suppose 2*v = 4*y - 4, -5*v + 3 = y + 13. Suppose y = 5*d + 5*f - 40, -3*f + 29 - 9 = 2*d. Let b(g) be the first derivative of -g**2 - g + 32. Determine b(d).
-9
Let v = 41 + -245/6. Let u(q) be the third derivative of 0 + 0*q**3 + v*q**4 - 1/60*q**5 + 4*q**2 + 0*q. What is u(3)?
3
Let u(o) = -o**3 - o. Let v(n) = -7*n**3 + 3*n**2 - 7*n - 2. Let w(g) = -6*u(g) + v(g). Let q be w(2). Let t(x) = 5 - x - 3 + q*x + 0*x. Give t(2).
0
Let q be 1/2*(4 - -14). Let k = -7 + q. Let z(x) = k + 0*x - x + 2*x. Determine z(-4).
-2
Let p(q) = 29339*q + 6*q**2 + 8 - 5 - 29344*q + q**3. Determine p(-7).
-11
Let a(m) = 6*m**3. Suppose 23 = -3*d - 46. Let g = d - -22. Calculate a(g).
-6
Let l(t) = t**3 - 2*t**2 - 5*t - 3. Let w(c) = 2*c + 9. Let y be w(12). Let h = -35 + y. Let n be -8*(h - (-15)/10). Determine l(n).
9
Let i(s) = 2*s**3 - 1. Let u be -2*(4 - 65/10). Suppose 11 = -3*q + 8*q - 4*v, 0 = -5*q - u*v - 25. Determine i(q).
-3
Suppose -8*h = -24*h + 1600. Let y(n) = -n**2 + 103 + 0*n + 3*n - h + 3*n**2. Give y(-2).
5
Let p(m) = -2*m**2 - 3*m - 1. Let s(u) = 2*u**2 + 3*u + 2. Let w(z) = 6*p(z) + 5*s(z). Suppose 10 = 4*o + 22. What is w(o)?
-5
Let u(n) = -n**3 + 4*n**2 - 3. Suppose -56 = -23*i + 36. What is u(i)?
-3
Let b(t) = -3*t + 133 + 141 - 403 + 134. Determine b(15).
-40
Let u be -4*1 - (-48)/(11 + -5). Let z(d) = 2*d**2 - d - 3. Give z(u).
25
Suppose 3*l = -c - 2*l + 25, 5*c - 4*l = 154. Suppose 5*b = c - 60. Let y(r) = 4*r + 7. What is y(b)?
-17
Let b(t) = -t**2 - 3*t. Let r be 4 - (-2 + 2 - 1). Let y = 1 - r. Determine b(y).
-4
Let r(m) be the second derivative of -7*m**4/6 - m**3/3 + m**2/2 + 267*m. Let s = -1 - -2. Determine r(s).
-15
Suppose 2*f + 10 = h, -2*h + f + 13 = 2. Let l(i) = -i**2 + 11*i - 3. Let d be l(10). Let x(c) = -150*c**2 + d*c - 2*c - c**3 + 153*c**2. Give x(h).
4
Let r(z) = -z - 8. Let n be r(-5). Let p be n/15*-5 - 2. Let t(c) = c + 1. What is t(p)?
0
Let j(l) = -2*l**3 - 4*l**2 - 2*l. Let i be j(-2). Let y(o) = -o**2 - o + 4. Let t be y(0). Let g(b) = -66*b**2 - t*b + 11*b - 4 + 65*b**2. What is g(i)?
8
Let h(c) = c + 14. Let n(a) = -a - 14. Let b(f) = -2*h(f) - 3*n(f). Let u = -19 + 12. Let s be b(u). Let j(d) = d**2 - 6*d - 7. Give j(s).
0
Let z(m) = 24*m + 5. Let x(i) = -24*i - 6. Let n(t) = 2*x(t) + 3*z(t). Let c(a) = -8*a - 1. Let k(b) = 17*c(b) + 6*n(b). Determine k(-1).
-7
Let v = -1 + 6. Suppose -m + 1 = 0, w + 1 = -3*w + v*m. Let h(u) = u**2 + 2*u - 1. Let j be h(w). Let k(b) = b**2 + b - 2. Determine k(j).
4
Suppose -3*l - 15 = -3*u, 5*l + 1 = -6*u + 3*u. Let s(h) = 7*h**2 + 2*h - 2. Calculate s(l).
22
Let s(v) be the third derivative of -v**2 - 1/3*v**3 + 1/60*v**5 + 1/120*v**6 + 0 + 0*v - 1/24*v**4. Let u(x) = x**2 + 6*x + 2. Let i be u(-6). Calculate s(i).
8
Let g(y) = -4*y**3 - y**2 + y + 2. Let v(q) = -5*q**3 + 3. Let n(j) = -2*j**3 - 26*j**2 - j - 9. Let h be n(-13). Let f(p) = h*g(p) - 3*v(p). Give f(-4).
-17
Let h(i) = i**2 - 9*i + 10. Let y(f) = f**2 + 8*f - 8. Let s be y(-10). Let l be 8/s + (-44)/(-6). Give h(l).
2
Let p(n) be the third derivative of -1/10*n**5 + 0 + 9*n**2 - 1/6*n**3 + 0*n**4 + 0*n. Give p(-2).
-25
Let a(z) = 25*z**3 - 5*z**2 - 3*z + 3. Let b(s) = -22*s**3 + 4*s**2 + 2*s - 2. Let t(r) = -3*a(r) - 4*b(r). Determine t(1).
12
Let k(s) = -s**2 + 6*s - 11. Suppose -q = -3*r - 13, 4*r = -13 + 1. Calculate k(q).
-3
Let h = 11 - 18. Let a(j) be the second derivative of -1/12*j**4 - 15*j + 1/2*j**2 + 0 - j**3. Determine a(h).
-6
Let s(m) be the second derivative of m**4/12 + m**2/2 - 22*m. Let b(t) = 7*t**2 - t + 6. Let f(r) = b(r) - 6*s(r). Let c be -1 + 1/(-2)*-2. Calculate f(c).
0
Let f(q) be the first derivative of -3*q**2/2 + 4*q + 1. Suppose 7 - 34 = -9*y. Let n(k) = -4*k + 4. Let m(b) = y*f(b) - 2*n(b). What is m(5)?
-1
Let m(p) = -39*p - 1. Let o be 15/12 - (-1)/(-4). Calculate m(o).
-40
Let p(q) = 32*q - 33*q + q**2 + 6*q - 2. What is p(-6)?
4
Suppose 3*i + t - 27 = 0, -36 = -5*i + i + 2*t. Let o(q) = -q**3 + 8*q**2 + 7*q + 12. Determine o(i).
-6
Let k(b) = b**3 - b**2 + 2*b - 3. Let u = -471 + 474. What is k(u)?
21
Let x(z) be the first derivative of -z**3/3 - 2*z**2 - z + 817. Give x(-5).
-6
Suppose 2 = r + i, 4*r - 3*i - 2*i = 44. Let u(m) = m**3 - 4*m**2 - 7*m - 5. Determine u(r).
25
Let r(l) = l**3 + 10*l - 2*l + 0*l**2 - 5*l + 2 + 5*l**2. What is r(-4)?
6
Let r(i) = -i**3 + 8*i**2 - 3*i - 28. Let o = -54 + 61. Give r(o).
0
Let j(p) be the second derivative of -3*p**4/4 - p**3/3 + 3*p**2/2 + 66*p. Calculate j(2).
-37
Let o(s) = -10*s**2 + 1. Let b = 153 + -132. Let h(l) = -l**2 + 21*l + 1. Let j be h(b). What is o(j)?
-9
Let h(r) be the third derivative of -r**5/60 - r**4/8 - r**3/3 + 15*r**2. Suppose g + 8 = -g. Determine h(g).
-6
Let o(n) = -3 - 3 + n + 8 + 12. Suppose 0*v - 5*v + 30 = 0. Let h be ((2 - 3) + 0)*v. Calculate o(h).
8
Let d(w) = 17*w - 3. Suppose -22*x = -26*x + 8. Give d(x).
31
Let u(q) = -6*q + 7. Let g(j) = -6*j + 6. Let w(t) = -4*g(t) + 3*u(t). Let p be w(2). Let l(z) = 5*z - 4*z - 2 + p*z**2 - 18*z**2 + 12*z**2. Calculate l(-2).
8
Let o(g) = -g - 1. Suppose -5*h - 3*f - 6 = -7*h, 4*h - 5*f = 10. Let w(k) = k**3 + k**2 - 2*k + 6. Let y be w(h). Give o(y).
-7
Suppose 3*u + 2*c - 4 = 0, 7*u - 4*c = 6*u - 8. Let b(l) = l**3 - 17. Calculate b(u).
-17
Suppose -9*g = -11*g - 2. Let j(b) be the first derivative of b - 5 + 1/3*b**3 + 1/2*b**2 - 5/4*b**4. Give j(g).
6
Let y(f) be the second derivative of -f**7/840 + f**6/45 - f**5/24 - f**4/8 - 2*f**3 - 23*f. Let x(b) be the second derivative of y(b). What is x(7)?
11
Let x(i) be the third derivative of i**5/120 + 11*i**4/24 - 3*i**3/2 - 12*i**2. Let s(n) be the first derivative of x(n). Give s(0).
11
Let u(r) = 2*r + 4. Let i be u(-3). Let f(a) be the third derivative of -5*a**4/24 - a**3/6 - a**2. Give f(i).
9
Suppose -s + 3*d = 2*d - 2, 4*d - 16 = 0. Let p(w) = -5*w**3 - 45*w**2 + 21*w. Let a(k) = 3*k**3 + 29*k**2 - 14*k + 1. Let z(c) = 8*a(c) + 5*p(c). What is z(s)?
2
Let c(l) = 3*l - 4. Let f(g) = 7*g**2 - g - 9. Let b(w) = 11*w**2 - 2*w - 14. Let p(z) = -5*b(z) + 8*f(z). Let q be p(1). Suppose 4 = a + q. Give c(a).
5
Let c be 15*11/33 - (0 + -1). Let z(q) = -2*q**3 + 12*q**2 + 2*q - 6. Give z(c).
6
Let n(q) be the first derivative of q**7/840 - q**6/120 - q**5/30 + 4*q**3/3 + 5. Let g(x) be the third derivative of n(x). Determine g(4).
0
Let o(z) = -5*z + 32 - 16 - 21 + 2*z + 0*z. Calculate o(-2).
1
Let n(j) = j + 18. Let m be n(-11). Suppose 3*p - m*p - 3*o = 1, 4*o = 5*p + 9. Let l(c) = -4*c. What is l(p)?
4
Let x = 23 - 13. Suppose -x*i = -8*i - 12. Let h(y) = -y**2 + 8*y - 9. What is h(i)?
3
Let i(